it of o?
0
Let k be -4 - 0 - (-8)/2. Suppose k = i + 2*h - 11, -2 - 4 = -2*h. Suppose 0*r - i*r + 275 = 0. What is the tens digit of r?
5
What is the thousands digit of (-16)/12 + 1 + 12412/12?
1
Suppose 0 = -19*w + 22*w - 2376. What is the tens digit of w?
9
Let b(v) = 9*v**2 - 37*v - 5. Let h(l) = -5*l**2 + 19*l + 3. Let t(w) = 4*b(w) + 7*h(w). What is the units digit of t(15)?
1
Suppose -3*m = -1763 + 194. What is the tens digit of m?
2
Let t = 75 + 129. Suppose -4*c + t = -48. What is the units digit of c?
3
Suppose z = 2*q - 21, -5*z + 4*q = -0*q + 87. Let a = -9 - z. What is the units digit of a?
6
Let r(n) = -58*n**3. What is the tens digit of r(-1)?
5
Let g be 2*1*(-9)/(-6). Let x be ((-1002)/(-12))/(g/18). What is the units digit of x/12 - 7/(-28)?
2
Let j be (-1)/1 + -23 - 0. Let l(k) = -k**3 - 7*k**2 + 2*k + 7. Let y be l(-7). What is the tens digit of (j/y)/((-3)/(-21))?
2
Let n(h) = -29*h - 240*h**3 + 15*h + 2 + 16*h. What is the tens digit of n(-1)?
4
Let d = 68 + -111. Let c = 115 + d. What is the units digit of c?
2
Let z(r) = -r**3 + 54*r**2 - 146*r - 42. What is the units digit of z(51)?
5
Suppose 2*s = 4*v + 83 - 27, -5*s + 4*v + 134 = 0. Suppose k = -0*k + s. What is the tens digit of k?
2
Let b(n) = n**3 + 16*n**2 - 17*n + 16. Let x be b(-17). Let t = -11 - x. Let j = t + 35. What is the units digit of j?
8
Let f(g) = 78*g + 40. What is the units digit of f(6)?
8
Suppose -i = 5*u - 2 - 3, u = 4*i + 22. Suppose 10 = -3*w + 5*w. Suppose -w*q = -u*q - 60. What is the units digit of q?
0
Let s = 419 - 83. What is the units digit of s?
6
Let d(c) = 5*c - 23. Let n be d(5). What is the hundreds digit of (334 - -18)*2/(n*2)?
1
Suppose 16*k = -34*k + 118000. What is the hundreds digit of k?
3
Suppose -2*w - 9 = 3. Let r = -17 + 28. Let s = r + w. What is the units digit of s?
5
Let z(q) = q + 279. Let a be z(0). Suppose p + 2*p - a = 0. What is the tens digit of p?
9
Let c = -89 - -93. Suppose 6*y = c*y + 184. What is the tens digit of y?
9
What is the tens digit of (-1884)/(-16) - 4/(-16)?
1
Let t = -37 + 53. Let n be 8*(140/t)/7. What is the tens digit of (-1 + -23)/((-15)/n)?
1
Suppose -3*i = -15*i + 156. Suppose i + 303 = 3*a - 5*c, a - 102 = c. What is the tens digit of a?
9
Let j(v) = -v**2 + 12*v. Let l be j(12). Suppose l = 3*t - 4*t. Let p = t + 28. What is the tens digit of p?
2
Suppose -1711 - 793 = -8*f. Suppose -2*d + f = 5*i, 4*d - 5*i = 332 + 219. What is the units digit of d?
4
Let l = 25 - 21. Let m be 518/8 - (-1)/l. Suppose a + m = 5*b - 173, -3*b + 5*a = -134. What is the units digit of b?
8
Let d be ((-224)/6)/(-8)*36/14. Let f(i) = -12*i + 4 - 4*i**2 + 5*i**2 + 1. What is the units digit of f(d)?
5
Suppose 0 = -13*a + 3*a + 4690. What is the tens digit of a?
6
Suppose 3*z - 2*k - 3112 = 0, -k - 615 = -z + 424. What is the thousands digit of z?
1
Let r be (-105)/12 + 1/(-4). Let q = 11 + r. Let n = 2 + q. What is the units digit of n?
4
Suppose -y - 2*n = -456, -2*y + 567 = 2*n - 343. What is the hundreds digit of y?
4
Suppose -2*b + 1002 = 35*q - 33*q, 2*q = -5*b + 2511. What is the tens digit of b?
0
Let z = -343 - -619. What is the tens digit of 1/((1 - z/279)*1)?
9
Suppose -w + 4*c - c = -9, -c - 45 = -5*w. Suppose 3*p = w - 3. Suppose -p*d + 32 = -d. What is the units digit of d?
2
Suppose -24 = -3*h + 7*h. What is the tens digit of (h/4)/((-3)/102)?
5
Suppose 5*u + 10 = j - 4*j, -j = u + 2. Suppose j = -s - 3*z + 52, -2*z - 9 = z. What is the tens digit of s?
6
Let b = 1974 + -1327. What is the units digit of b?
7
Let l = 1185 - 850. What is the tens digit of l?
3
Suppose -2*m + 12 = m. Let l be 2/(-3)*(1 - (-812)/(-8)). Suppose -3*j = 3*t + 2*t - 64, m*j = -3*t + l. What is the tens digit of j?
1
Let g(m) = 638*m**2 + m + 1. What is the hundreds digit of g(-1)?
6
What is the hundreds digit of 33/(-198) + 3086/12?
2
Let g = 79 - 41. Suppose d = 8 + g. What is the units digit of d?
6
Suppose 4*r - 15 = -3*o, 0*r - o + 5 = -4*r. Suppose 0 = -j - r - 18. What is the tens digit of (138/j)/(2/(-12))?
4
Let v(c) = 148*c. Let n be v(-20). What is the tens digit of ((-4)/(-10))/((-8)/n)?
4
Let b = -8 + 329. What is the hundreds digit of b?
3
Let a = 1506 + -815. What is the units digit of a?
1
Let k(t) = -2*t + 7*t + 5 + 15*t. Let y be k(6). Suppose 4*l - 4*c - y - 31 = 0, -l + 3*c + 41 = 0. What is the units digit of l?
8
Let h(x) = -125*x**3 - x + 1. Let g be h(1). Let v = g - -337. What is the units digit of v?
2
Let w be 20/(-2) - (1 - (-1 - -1)). Let m = -6 - w. What is the units digit of m?
5
Suppose 4*v - 3*v = 4. Suppose -q + v = 0, -2*z - 4*q = -0*q + 24. What is the tens digit of z/(-50) - 188/(-5)?
3
Let f(x) be the first derivative of x**3/3 - 3*x**2 + 3*x + 31. What is the units digit of f(15)?
8
Let j be (3 - (3 + -2)) + -1. Let l be j*3/6*0. Suppose 0 = -l*z + z - 29. What is the tens digit of z?
2
Let a(p) = 5*p + 21. Let z = 13 + -6. What is the units digit of a(z)?
6
Let s(z) = 9*z**3 + 4*z**2 + 3*z - 8. What is the units digit of s(4)?
4
Let u = 79 - 74. Suppose 6*v = 5*v + 3*l + 95, 4*v - 373 = u*l. What is the tens digit of v?
9
Let j(l) = l**3 - l**2 - 5*l + 1. Let f be j(3). What is the hundreds digit of (-1 - (-3 - 0)) + 672/f?
1
Let o(a) = 20*a - a - a + 16 + 16*a. What is the hundreds digit of o(3)?
1
Let u = -57 - -30. What is the hundreds digit of 2/(-18) + (-3486)/u?
1
Suppose -4*j + 3495 = q, q + 1871 = 2*j + 116. What is the tens digit of j?
7
Let w(x) = -x**2 - x. Let y(l) = -6*l**2 + 3*l + 4. Let g(i) = -3*w(i) + y(i). Let u be g(6). Let v = 110 + u. What is the tens digit of v?
4
Suppose -11*o + 726 = 11*o. What is the tens digit of o?
3
Let h be (-906)/10 - (68/20 - 3). Let o = 101 + h. What is the tens digit of o?
1
Let k(d) = -10 + 7*d + d**2 + 2*d + 4*d. Suppose -2*h = 27 + 1. What is the units digit of k(h)?
4
What is the tens digit of (0 - 72/(-15))/(15/375)?
2
Suppose 380 = 2*y + 3*y. Suppose -5*a + 69 = -y. What is the units digit of a?
9
Suppose 0 = 16*r + 6*r - 7942. What is the tens digit of r?
6
Suppose 19 - 15 = 2*r. Suppose -2 + 14 = r*g. What is the units digit of g?
6
Let u(j) = -j**3 + 12*j**2 + 10. Let r be (-4)/(-18) - 212/(-18). Let v be u(r). Let n(s) = 4*s - 9. What is the units digit of n(v)?
1
Suppose -6*l + 6 = -12. Suppose r - 758 = -4*u, -l*u = -0*u - 4*r - 559. What is the units digit of u?
9
Let n(z) = 5*z + 6*z**3 + 2 - z**3 - 2*z**3 - 4*z + 2*z**2. What is the hundreds digit of n(3)?
1
Suppose 5*f - 4145 = 5*x, x - 11 = -6. What is the units digit of f?
4
Suppose -1014 = -20*y + 20186. What is the hundreds digit of y?
0
Suppose 5*j - m = -13, 0 = -0*j - j - 5*m + 13. Let b be 54/5 + j/(-10). Let p = -4 + b. What is the units digit of p?
7
Let n(d) be the second derivative of 2*d**3/3 - 6*d**2 + 8*d. What is the units digit of n(12)?
6
Let b = -471 + 741. What is the units digit of b?
0
Let r = -1246 - -2284. What is the tens digit of r?
3
Let d be -58 + 2/3*3. Let o(m) = m**3 + 14*m**2 + 17*m - 1. Let u be o(-12). Let w = u + d. What is the tens digit of w?
2
Suppose 0*n = -4*n + 12. Suppose n*k + x - 9 = k, 21 = 3*k + 4*x. Suppose -h + k = -7. What is the units digit of h?
0
Suppose -2 = -2*t + u, t + 5*u + 7 = 19. Let o(y) = -4*y. Let d(c) = 5*c. Let v(p) = 5*d(p) + 4*o(p). What is the units digit of v(t)?
8
Suppose -2*s + 5*t = -25, -5*t - 15 = 4*s - 2*t. Suppose s = 4*z - 127 - 73. What is the units digit of z?
0
Suppose -194*q = -191*q - 3582. What is the thousands digit of q?
1
Suppose 2415 = w + 802. What is the hundreds digit of w?
6
Let r(a) = 308*a**2 + 2*a - 2. Let d be r(1). Suppose -2*t + 6*t - d = 0. What is the tens digit of t?
7
Suppose -4*l = -5*v - 52 + 370, 5*v - l = 312. Let i = 104 - v. What is the units digit of i?
2
Let g(l) = l**3 + 22*l**2 + 24*l + 9. Let d be g(-21). Let f = -2 + -7. Let u = f - d. What is the units digit of u?
5
Suppose -5*z + 37 + 228 = 0. Suppose 4*j + z = -2*t - t, -j = -t - 6. What is the units digit of (-22)/121 - 266/t?
4
Suppose 8*o - 367 = 697. What is the hundreds digit of o?
1
Suppose -1037 = -2*f + 5*t, -2117 = -5*f + 4*t + 450. What is the units digit of f?
1
Suppose y - 6700 = -4*c, 5*y = -63*c + 68*c - 8350. What is the thousands digit of c?
1
Let s(f) = 6*f**2 - 41*f - 16. What is the 